9071 a composite number?
False
Is 11073749 a composite number?
True
Is 88679849 a composite number?
False
Is 27636859 composite?
False
Is 684626513 a prime number?
True
Is 229483739 prime?
False
Is 41458679 a composite number?
False
Is 9597971 a composite number?
False
Is 13384159 composite?
True
Is 179000321 a prime number?
False
Is 525580403 a composite number?
True
Is 6535603 a composite number?
False
Is 469724317 a prime number?
True
Is 12599003 a composite number?
True
Is 59440573 a composite number?
False
Is 1557227 prime?
False
Is 40070521 composite?
False
Is 2270127 a prime number?
False
Is 5010827 composite?
False
Is 1412219 composite?
False
Is 164729 a composite number?
False
Is 2950783 composite?
True
Is 12295567 a prime number?
False
Is 2895323 a prime number?
True
Is 398265139 composite?
False
Is 8208407 a prime number?
False
Is 1065629 prime?
True
Is 42272357 composite?
True
Is 50667679 a prime number?
True
Is 55030667 a prime number?
True
Is 22591735 a composite number?
True
Is 8084309 a prime number?
True
Is 14300938 a composite number?
True
Is 1193671 prime?
False
Is 475582963 prime?
True
Is 1272793 a prime number?
False
Is 138497 a prime number?
True
Is 1122433 a composite number?
True
Is 33667571 a composite number?
True
Is 174862249 prime?
True
Is 175902761 a composite number?
False
Is 5497861 composite?
False
Is 47190833 a prime number?
False
Is 743549 prime?
True
Is 174389 a prime number?
True
Is 6287009 composite?
False
Is 1787627 a prime number?
False
Is 92401217 a composite number?
False
Is 9102587 prime?
False
Is 5542523 a composite number?
True
Is 14975327 prime?
True
Is 17475851 a prime number?
True
Is 351888991 composite?
False
Is 221454401 composite?
True
Is 448451 a composite number?
False
Is 34447073 a prime number?
False
Is 256331891 prime?
False
Is 45401323 prime?
False
Is 499922479 a prime number?
False
Is 412018 a composite number?
True
Is 38025607 composite?
False
Is 351510389 prime?
True
Is 4811909 a composite number?
False
Is 625893571 a prime number?
True
Is 37210063 prime?
False
Is 544543 a prime number?
True
Is 449341 composite?
True
Is 113360207 prime?
True
Is 9024299 a composite number?
False
Is 2053793 a prime number?
False
Is 6992093 prime?
False
Is 2758111 a composite number?
True
Is 95146615 a composite number?
True
Is 73233691 prime?
False
Is 61340381 a prime number?
False
Is 463207 a prime number?
True
Is 25024849 composite?
False
Is 117165313 a prime number?
False
Is 172091269 a prime number?
False
Is 470032903 a composite number?
False
Is 96684703 prime?
False
Is 1151981 composite?
False
Is 56970997 a prime number?
True
Is 7984573 prime?
True
Is 162468253 a composite number?
False
Is 165298037 a prime number?
False
Is 1227539 composite?
False
Is 333926589 a composite number?
True
Is 78693621 composite?
True
Is 868859 a composite number?
True
Is 75654559 a composite number?
False
Is 53295755 a prime number?
False
Is 30968057 prime?
True
Is 6465053 a prime number?
False
Is 2303233 a prime number?
False
Is 269629787 a composite number?
True
Is 70838591 a prime number?
False
Is 4816619 prime?
True
Is 8257187 composite?
True
Is 128124103 prime?
True
Is 695337 a composite number?
True
Is 3670427 a composite number?
True
Is 9447107 composite?
True
Is 1333247 prime?
False
Is 2363261 a prime number?
True
Is 1334545 a composite number?
True
Is 44802239 a prime number?
True
Is 3402613 a prime number?
True
Is 60088207 composite?
False
Is 20449721 a composite number?
True
Is 27601513 composite?
False
Is 4695989 a composite number?
False
Is 286163 a prime number?
True
Is 1931983 prime?
True
Is 61546237 composite?
False
Is 145519117 a composite number?
True
Is 421087321 a prime number?
True
Is 30085961 composite?
False
Is 547759 prime?
False
Is 2863249 a composite number?
True
Is 1035371 composite?
True
Is 6793729 a composite number?
True
Is 2357513 composite?
True
Is 4912891 prime?
True
Is 390036554 prime?
False
Is 5736427 a prime number?
False
Is 213516923 a composite number?
True
Is 40537471 a composite number?
True
Is 296767 prime?
True
Is 9481951 a prime number?
True
Is 1530197 prime?
True
Is 8266623 composite?
True
Is 4740205 a composite number?
True
Is 6042007 a prime number?
True
Is 13314271 a composite number?
False
Is 118027423 prime?
True
Is 299909647 prime?
True
Is 30286513 composite?
True
Is 1227997 prime?
False
Is 143387 composite?
False
Is 14501717 composite?
True
Is 13279007 a composite number?
True
Is 702047 prime?
False
Is 35044079 a prime number?
False
Is 15585001 prime?
True
Is 13055597 a composite number?
True
Is 48983821 a prime number?
True
Is 1417159 composite?
False
Is 51522439 a composite number?
False
Is 9076391 a prime number?
False
Is 5169943 composite?
False
Is 25858897 a composite number?
False
Is 2091737 composite?
False
Is 3733063 a prime number?
False
Is 364981 a prime number?
False
Is 177305 a composite number?
True
Is 471041 prime?
True
Is 118705443 prime?
False
Is 189421 prime?
True
Is 5103547 prime?
False
Is 23454841 a composite number?
False
Is 246705441 a composite number?
True
Is 13606163 a composite number?
False
Is 705975629 a composite number?
False
Is 45848419 composite?
False
Is 3696443 a prime number?
False
Is 2605579 a composite number?
False
Is 261525463 composite?
False
Is 576049013 prime?
False
Is 470779 a composite number?
False
Is 11073643 a composite number?
True
Is 340838867 prime?
True
Is 118568734 a composite number?
True
Is 33782251 composite?
False
Is 15448435 composite?
True
Is 3760027 a prime number?
True
Is 282923 a composite number?
True
Is 26923909 a prime number?
True
Is 213792563 composite?
False
Is 2813321 a composite number?
True
Is 14281493 a prime number?
True
Is 447321487 a composite number?
False
Is 252202585 prime?
False
Is 770503 a prime number?
True
Is 3921959 composite?
False
Is 23042179 composite?
False
Is 12486083 prime?
True
Is 5446799 prime?
True
Is 80781067 prime?
True
Is 93310439 a prime number?
True
Is 33045613 prime?
True
Is 9823613 prime?
True
Is 3592703 a composite number?
True
Is 151768667 a composite number?
True
Is 20928703 a composite number?
False
Is 26177017 composite?
False
Is 49936961 composite?
False
Is 22137589 a prime number?
False
Is 92527 prime?
False
Is 53455099 prime?
True
Is 7184533 a prime number?
False
Is 597349 a composite number?
False
Is 9337973 prime?
True
Is 17275003 composite?
False
Is 172354726 prime?
False
Is 60347711 a prime number?
False
Is 10216121 a prime number?
False
Is 189597839 composite?
False
Is 195581 a prime number?
True
Is 2296103 a composite number?
True
Is 8945259 a prime number?
False
Is 1184471 a prime number?
True
Is 1650257 prime?
False
Is 2321 prime?
False
Is 24123131 prime?
True
Is 14546617 prime?
True
Is 8241791 composite?
False
Is 8745613 prime?
True
Is 10614281 a composite number?
False
Is 52284787 prime?
False
Is 2630317 composite?
False
Is 475587677 a composite number?
True
Is 555245 composite?
True
Is 71013937 a composite number?
False
Is 751246 composite?
True
Is 29382811 a prime number?
True
Is 2476591 a prime number?
False
Is 10488059 composite?
False
Is 15902063 composite?
True
Is 7167737 prime?
True
Is 270829087 composite?
True
Is 6455219 a prime number?
True
Is 31049727 a prime number?
False
Is 1677961 a prime number?
True
Is 16604281 a composite number?
True
Is 41160211 prime?
True
Is 559067 a prime number?
True
Is 33651271 composite?
True
Is 10997947 prime?
True
Is 166823623 prime?
False
Is 273871 a prime number?
False
Is 4113053 composite?
True
Is 29008046 prime?
False
Is 202921 a composite number?
False
Is 32518169 prime?
False
Is 15175639 a composite number?
False
Is 1298537 composite?
False
Is 138163 prime?
True
Is 122699307 a composite number?
True
Is 55916053 prime?
True
Is 199832443 composite?
True
Is 68244441 a composite number?
True
Is 136832041 a prime number?
False
Is 624643 composite?
False
Is 981653 a composite number?
False
Is 64091933 a composite number?
False
Is 14556671 a composite number?
True
Is 251317015 composite?
True
Is 608737 a composite number?
False
Is 126199 prime?
True
Is 319909519 a composite number?
True
Is 2348741 a prime number?
True
Is 199405939 composite?
False
Is 1231773331 prime?
True
Is 1347979 prime?
False
Is 197262109 p